*2 + 128*r. Determine g(5).
11
Let t = -95 - -91. Let i(m) = 2*m + 1. Determine i(t).
-7
Let w(n) = -n**3 - 11*n**2 - 11*n - 15. Let j be (20/(-6))/((-7)/(-231)*11). What is w(j)?
-5
Let b(s) = -3*s**2 + 5*s + 3. Let a(z) = 4*z**2 - 8*z - 4. Let h be (-6)/(-10) + (-140)/25. Let c(l) = h*a(l) - 7*b(l). Determine c(-3).
-7
Suppose -5*g - 279 = -f, 4*g - 3*f + 325 = 104. Let j = -56 - g. Let q(o) be the third derivative of o**6/120 - o**4/24 + o**3/2 + o**2. Determine q(j).
3
Let x(b) = b + 3. Let q be (24/(-16))/((-3)/8). Suppose -2*a + a + q = 0. Suppose -30 = -4*t - 2*h - 2, 5*h = -a*t + 40. Give x(t).
8
Let m(o) = 3*o**2 - 6*o**2 + 2*o**2 + 578*o**3 - 581*o**3. Calculate m(2).
-28
Let l be (2 + 0)/(-2)*7. Let h(q) = -73*q + 0 - 4 + 71*q + 2 - 7. Determine h(l).
5
Let j = -16 + 9. Let z = j + 8. Let o(f) = -7*f + 9*f + f - z. What is o(2)?
5
Let c = 58 - 40. Let b(w) = -26*w + 269. Let x be b(11). Let q = x + c. Let f(m) = 4*m**3 - 1. Give f(q).
3
Let u(m) = m**3 - 3*m**2 - 5*m - 2. Let d be (-23)/(-4) + (-18)/24. Suppose 0*v + d*q = -2*v - 7, 3 = -3*v - 5*q. Give u(v).
-6
Let z(o) be the third derivative of -o**5/30 - 5*o**4/12 + o**3/6 + 209*o**2 - 1. Give z(-7).
-27
Let h = 1701 + -1699. Let f(s) = 20*s + 2. What is f(h)?
42
Let x(r) = -r**2 + 3*r + 4. Suppose 8*c - 185 = -593. Let t = -46 - c. What is x(t)?
-6
Let c = 5 - -1. Suppose -m + c = -2*m. Let t(d) = 0*d + 3*d - 20*d**2 + 2 - d**3 + 3*d + 15*d**2 + 2*d. What is t(m)?
-10
Let b(o) = -o**3 - 4*o**2 - 2*o - 2. Let v(i) = i**3 + i**2 - 5*i. Let h be v(-3). Let l be b(h). Let p(r) = -r**3 - 4*r**2 + 6*r + 5. Calculate p(l).
0
Let y(x) = 2*x + 4. Let a(z) = 10*z + 20. Let j(b) = -2*a(b) + 11*y(b). Calculate j(-4).
-4
Let g = -5 - -7. Let d be (-158)/(-22) + (-4)/22. Let c(h) = d - g - 3*h + 5*h - 3*h. Give c(6).
-1
Suppose 5*q - 33 = 2. Let z(t) = t**3 - 7*t**2 + 2*t - 3. Calculate z(q).
11
Let h(z) = -7 - 2*z + 3*z - 6*z + 2*z. Let a(q) = -3*q - 8. Let i(c) = 5*a(c) - 6*h(c). Calculate i(3).
11
Let b(q) = q**3 + 3*q**2 + 2*q - 1. Let g(d) = 3*d - 46. Let x be g(17). Let l be 4/(-10) - 8/x. Calculate b(l).
-1
Let r(v) = -v. Let z(k) = k**2 - 9*k - 9. Let w be z(10). Let m(h) = 20*h - 1. Let n(l) = w*m(l) + 5*r(l). Let c(b) = -2*b + 13. Let i be c(6). Calculate n(i).
14
Let z(u) = 4*u**2 + u**3 + u + 4 - 4*u + 1. Let j = 91 - 89. Suppose -3*s - j = -s + 4*b, 0 = b - 2. Give z(s).
-5
Let t(c) = -16*c - 11. Let h(d) = 9*d + 6. Let z(n) = -7*h(n) - 4*t(n). Determine z(-5).
-3
Let x(v) = -4*v + 26. Let q be x(6). Let n(w) = 1 - 48*w + 22*w + 24*w - 3*w**2. Give n(q).
-15
Let h = -3 + 5. Suppose 3*f = -2*m, -m - m = 4*f + h. Let l(k) = 88*k**2 + 5*k + 9. Let y(j) = -53*j**2 - 3*j - 5. Let s(q) = -3*l(q) - 5*y(q). Determine s(f).
2
Let l(t) = -t - 5. Let c(k) = 6*k + 26. Let z(i) = 2*c(i) + 11*l(i). Let u(q) = -2*q + 1 + q + 5*q**3 - 2*q + 3*q**2 - 2*q**3. Let h be u(1). Determine z(h).
1
Let x = 132 + -129. Let g(k) = -3*k + x - 2 - 5 + 1. Let f = -7 + 4. Determine g(f).
6
Suppose -3*h = h + 8. Let n(c) be the second derivative of c**7/2520 - c**5/60 + 5*c**4/12 + 8*c. Let k(w) be the third derivative of n(w). What is k(h)?
2
Let j(d) = d - 3. Let s(a) = -10*a - 7. Let c(x) = -2*j(x) + s(x). Determine c(1).
-13
Let q(t) = t**2 - 9. Let l = -366 - -366. What is q(l)?
-9
Suppose -z - 1 = 0, 3 = 3*v - z - 7. Let c(k) be the first derivative of 12 + 1/4*k**4 - 2*k**2 + k + k**v. Determine c(-4).
1
Suppose -2*o = c - 3, -c + 4*o - 27 = -18. Let u(k) = -13*k**2 - 5*k. Calculate u(c).
-8
Let i(z) = 15*z**2 + 1. Let g be i(-1). Let c be g/4*2/4. Let n(q) = -2*q**c - 2*q + 2*q**2 - 2*q - q**2. Determine n(-4).
0
Let r(c) be the first derivative of -3*c**2/2 - c + 7. Suppose -18 = -3*u + u. Let v = -8 + u. Determine r(v).
-4
Let p(d) = 8*d**2 + d - 2. Let a be p(-1). Let z(m) = -5*m + 11*m - 6 - 4*m. Give z(a).
4
Let t(k) = 127*k**2 - 260*k**2 + 7 - 3*k - 2*k + 135*k**2 - 5. Let c be (-33)/12 + 1/(-4). Let q be (-4 + 6)*c/(-2). Determine t(q).
5
Let k(o) be the first derivative of -o**3/3 - 7*o**2 - 39*o + 47. Determine k(-11).
-6
Let r = -3 + 2. Let x be ((-2)/r)/(2/5). Let s(u) = -u**2 - 5*u + 6. Let f(i) = -i**2 - 7*i + 6. Let j(l) = -4*f(l) + 5*s(l). Calculate j(x).
-4
Let r(q) be the first derivative of q**4/4 + q**3 + 3*q**2/2 + 2*q - 2. Let x = 1790 - 1793. Determine r(x).
-7
Let j(k) be the third derivative of -k**6/120 - 11*k**5/60 - k**4/24 + k**3/3 + 3*k**2 + 33. What is j(-11)?
13
Let k be 280/(-112)*(-4)/5. Let m(t) = 7*t - 2. Determine m(k).
12
Let b(y) be the first derivative of y**5/60 - y**3/2 + 7*y**2/2 + 32. Let g(j) be the second derivative of b(j). Determine g(-3).
6
Let f(k) = k**2 + 4*k + 4. Let p(j) = 2*j**3 - 15*j**2 - 8*j - 4. Suppose 4*o = -2*v + 36, 0*v + 4*v = 3*o - 16. Let z be p(o). Give f(z).
4
Let p(z) = z**3 - 5*z**2 - 4*z - 3. Let t be p(6). Let h = -3 + t. Let d be (-1 - 0)/(h/(-30)). Let s(k) = -k**2 + 7*k - 7. Calculate s(d).
3
Let i(g) = -5*g + 1. Let s(a) = -6*a**2 - a + 1. Let t be s(-1). Give i(t).
21
Let v(h) = -4*h**2 + h + 1. Let n = 471 + -472. Calculate v(n).
-4
Suppose 0 = 18*a - 5*a - 26. Let g(b) be the third derivative of 0*b + 1/4*b**4 + 4*b**a + 1/3*b**3 + 1/120*b**6 + 1/12*b**5 + 0. What is g(-4)?
-6
Let i(r) = -3*r - 1. Suppose 4*t + 4*x = 12, 0 = -3*t - 2*x + 11 + 1. What is i(t)?
-19
Let o(h) be the second derivative of 26*h - 4*h**2 + 1/12*h**4 - 7/6*h**3 + 0. What is o(6)?
-14
Let w(a) = 5*a + 4. Let z(b) = -11*b - 8. Let l(k) = -13*w(k) - 6*z(k). Let u be l(9). Let s(r) = -r**2 + 2*r - r + 0*r + 2*r. What is s(u)?
-10
Let y(d) be the second derivative of -d**4/6 + 5*d**3/6 - 27*d**2/2 + d. Let a(z) be the first derivative of y(z). Give a(-4).
21
Suppose 10*h = 6*h + 2*j, 0 = 3*h + j - 10. Let i(c) = -13*c. What is i(h)?
-26
Let s(c) be the first derivative of c**3/3 - 15*c**2/2 - 22*c - 109. Give s(16).
-6
Let b be 10/(1*3/18). Suppose b*x - 6 = 58*x. Let d(t) = 2*t - 3. Determine d(x).
3
Let w(m) = -m**3 + m**2 - 5. Let p be w(0). Let t(j) be the second derivative of -j**4/12 - 7*j**3/6 - 3*j**2 + 2*j + 18. Calculate t(p).
4
Let q(k) = -k**2 + 6*k + 8. Let s be q(7). Let u = 0 - s. Let r be u - ((0 - -4) + -1). Let p(t) = -t**2 - 6*t - 2. Determine p(r).
6
Let o = 0 + -7. Let i(q) = -6*q + 19. Let v(l) = 13*l - 45. Let b(x) = 9*i(x) + 4*v(x). Calculate b(o).
5
Let r(w) = 1 - 173*w + 329*w - 157*w. Calculate r(-7).
8
Let y(i) = -i**2 - 8*i + 22. Let v be y(-10). Let o(w) = 2*w - v*w - 3 - w + 6. Determine o(0).
3
Let g(l) = -4*l**2 - 6*l + 1. Let p(t) = 10*t + 5 + 2*t - 5*t - 6 + 4*t**2. Suppose 0 = 2*s - 3*s - 6. Let b(i) = s*p(i) - 7*g(i). Give b(-1).
3
Let l(y) be the third derivative of -y**4/24 - y**3/2 - 200*y**2. Calculate l(0).
-3
Let t(n) = n + 10. Let j be t(-6). Let h(u) be the second derivative of -1/2*u**2 + 1/12*u**j - 1/6*u**3 + 8*u + 0. Calculate h(-1).
1
Let p(n) = 14*n**2 - n. Suppose -3*m + 1 - 4 = 0. Let s be (-5 + 1 + 2)*1. Let i = m - s. Calculate p(i).
13
Let z(b) = b**3 + 7*b**2 + 6*b + 6. Let a(i) = 8*i + 36. Let u be a(-6). Let v be 1/3 - 626/6. Let q be u/54 + v/18. Give z(q).
6
Let s(q) be the second derivative of -q**5/4 - q**4/12 + q**3/2 + q**2/2 + 63*q. Calculate s(-2).
31
Let g(x) = x**2 - 7*x + 13. Let a be g(7). Let j = a - 7. Let h(p) = -p**2 + 7*p - 4. What is h(j)?
2
Suppose -3*z - 124 = 4*r - 7*z, -20 = -5*z. Let i = r - -31. Let u(k) be the third derivative of -k**4/12 - 2*k**3/3 - k**2. What is u(i)?
-12
Let z(w) be the third derivative of w**4/24 - 3*w**3/2 - w**2. What is z(-9)?
-18
Let d(n) be the first derivative of 5/2*n**2 - 2*n + 1/3*n**3 - 9. What is d(-5)?
-2
Let b(g) = g**2 + g. Suppose -2*k + 44 = 2*k + 4*p, -p = -k + 5. Let i = k - 12. Let a be 2*(-6)/(-16)*i. What is b(a)?
6
Let k(f) = 14*f**2 + 14*f + 56. Let r(n) = -5*n**2 - 5*n - 20. Let g(m) = 4*k(m) + 11*r(m). Give g(-4).
16
Let h(n) = 3*n**3 - 2*n**3 + 18*n - 29*n + 5*n**2 + 16*n - 3. Let v(c) = c**3 - c. Let g(m) = -h(m) + 2*v(m). What is g(6)?
-3
Let n be 4 + 4 + 0 - 1. Suppose d - 8 = 3*p + 1, -5*p = 2*d - n. Let f(u) = u**2 - 7*u + 7. Calculate f(d).
1
Let k(m) = 288 - 138 + m**2 - 3*m + 4*m + 0*m**2 - 146. Calculate k(-4).
16
Let y(v) be the second derivative of -v**4/6 + v**3/3 + 2*v**2 + 28*v - 6. Give y(4).
-20
Let b(l) =